ghest common divisor of b and 3801.
21
Let z = -15995 + 16027. What is the greatest common factor of z and 12304?
16
Suppose 0 = -3*v + 924 - 918. Let w(j) = 0 + 5 + 0 + 8*j. Let d be w(v). What is the highest common divisor of d and 7?
7
Let x = 938 - 320. What is the greatest common factor of x and 1339?
103
Let m = 1613 + -317. What is the greatest common factor of 528 and m?
48
Suppose -27 = 9*t - 0*t. Let g be (-19)/(0 - (-3)/t - 0). What is the highest common divisor of g and 304?
19
Let t = -188 - -194. Suppose 23*w = t*w + 136. Let c = 25 + 15. What is the greatest common factor of w and c?
8
Let q = -183 - -178. Let l(x) = -4*x**3 - 3*x**2 + 18*x + 7. Let b be l(q). Calculate the highest common divisor of b and 19.
19
Let m(o) = 6*o - 108. Let q be m(18). Let w be -5 + 3 - (q - -5 - 8). Calculate the highest common factor of 73 and w.
1
Let j(y) = 133*y**3 + y**2 - 27*y + 26. Let b be j(1). Calculate the highest common factor of b and 171.
19
Suppose -8 = -2*x + 14. Let c be ((-5)/(-5) - 8)*1. Let w be (-1*11)/(1/c). Calculate the highest common divisor of w and x.
11
Let n = 1170 - 1089. Calculate the highest common divisor of 84 and n.
3
Let h = -305 + 6656. What is the greatest common divisor of 261 and h?
87
Let f(z) be the first derivative of -z**3/3 + 19*z**2/2 + 48*z + 84. Let p be f(15). Calculate the highest common divisor of p and 12.
12
Let l = -2917 + 3016. What is the greatest common factor of l and 605?
11
Let o = -14945 + 15209. Calculate the highest common factor of o and 5049.
33
Suppose 0 = v - 4*v - 15, -4*a - 4*v + 160 = 0. Suppose 0 = -5*q + 12*q - 105. What is the greatest common divisor of a and q?
15
Let o = -3625 - -3799. Calculate the greatest common divisor of 725 and o.
29
Let n(k) = k**3 + 17*k**2 - 247*k - 3964. Let d be n(-19). Let c be 26/(-2)*(0 + -7). Calculate the greatest common factor of d and c.
7
Let h be ((-258240)/1883)/(((-9)/(-3))/(-21)). What is the highest common factor of h and 250?
10
Let v be ((-11)/3 + 4)*519. Let j = v + -58. Calculate the greatest common factor of 15 and j.
5
Suppose -5*f + 2*f = -5*t - 30, 2*f = 0. Let g be t/4 + (-2322)/(-36). Calculate the greatest common factor of 42 and g.
21
Suppose 3*x - 984 = x - y, 4*x - 1952 = 2*y. What is the greatest common divisor of x and 147?
49
Suppose -14*g + 9*g = 4*d + 23, -4*d + 7 = -5*g. Let t be 26 + 8/d*(20 - 21). What is the highest common factor of 570 and t?
30
Let p = -39343 - -39871. Calculate the greatest common divisor of p and 4191.
33
Let g(b) = -22*b - 593. Let s be g(0). Let p = s - -624. Let q(m) = 58*m - 7. Let w be q(6). Calculate the highest common divisor of p and w.
31
Suppose -4*z - 5*c = -61, 2*z - c - 12 - 15 = 0. Let r be 0/(2 - 3 - 0). Suppose 15*y + 0*y - 735 = r. Calculate the greatest common divisor of y and z.
7
Suppose -2*n - 3*o = 1, -4*n - 48 + 51 = o. What is the greatest common factor of n and 4?
1
Let f be -6 + (-91)/(-14) - 5033/(-14). What is the highest common divisor of f and 2790?
90
Let f(j) = -j**3 + 26*j**2 + 18*j + 355. Let t be f(27). Calculate the highest common factor of t and 154.
14
Let z = -23 - -26. Suppose -5*d - 25 = -m, -z + 1 = d. Suppose 21*k - 16*k - 30 = 0. What is the highest common factor of k and m?
3
Let k be 4 + 1239/3 + 4 + -4. Let f be k/5 + 7 + 6/10. Let n = 95 - f. Calculate the highest common factor of 1 and n.
1
Suppose 2*b = -5*c + 128 + 12, 2*c = 5*b + 27. Let n(x) = -4*x - 11. Let f be n(-6). Let l be f + (4 - 6) - -2. What is the greatest common divisor of l and c?
13
Let w be (81 + -1)*(-25)/(-20). Let h(z) = -2*z**3 - 4*z**2 - 3*z - 1. Let l be h(-3). Suppose l = 5*x - 99. What is the highest common divisor of x and w?
25
Let v be ((-3)/(126/(-24)))/((-8)/(-1456)). What is the greatest common divisor of v and 65?
13
Suppose 0 = 5*f + 2*b - 1887, -15*f - 3*b = -19*f + 1505. Calculate the highest common factor of 65 and f.
13
Let r = 14044 + -6727. Calculate the greatest common divisor of 1084 and r.
271
Let t(d) = d**2 - 4*d + 4. Let b be t(6). Let a be 22 - 0 - (-5 - -3). Calculate the greatest common factor of a and b.
8
Suppose 9645 = -40*r + 28685. Calculate the highest common divisor of 182 and r.
14
Suppose 4*l - 236 = 5*w + 293, 5*l = 3*w + 671. Let k(i) = -3*i**2 - 2*i + 16. Let j be k(0). What is the highest common factor of l and j?
8
Let r = -120 - -96. Let w be 6*((-4)/(-10))/(r/20). Let g be (w + 1)*36/(-6). Calculate the greatest common factor of 4 and g.
2
Let d(q) = -34*q + 23. Let l be d(-7). Let b = -78 + 87. What is the greatest common divisor of l and b?
9
Let p(v) = -v**3 + 13*v**2 - 15*v - 54. Let m be p(7). Let x = 376 - 196. What is the highest common divisor of x and m?
45
Let j be (27/(-12))/(15/(-240)). Suppose -j = -3*s - 3*g, 5*s = 3*g + g + 42. Calculate the highest common factor of 85 and s.
5
Suppose -6*n = -2*v - 2*n + 112, n = 3*v - 193. Calculate the highest common factor of v and 517.
11
Let d(c) = -71*c - 102*c + 307*c - 63 - 77*c. Let o be d(4). Calculate the greatest common divisor of 220 and o.
55
Suppose -5*i - 12 + 388 = 4*u, 2*i = u - 94. Let g be 1/((-2)/11 + (-45)/(-66)). What is the greatest common factor of u and g?
2
Let h = -6 - -17. Let v = -31877 + 32086. Calculate the highest common divisor of h and v.
11
Let j be ((-88869)/165)/((-16)/880). Calculate the greatest common factor of 11 and j.
11
Suppose -b - 9 = -3*s, 106*b - 109*b + 3*s - 3 = 0. What is the highest common factor of b and 2652?
3
Suppose -60 = -52*r + 67*r, -2*r - 18754 = -2*k. What is the greatest common divisor of k and 21?
7
Let a = -45 + 101. Let g = -51 + a. Let k(r) = -7*r + 180. Let b be k(25). Calculate the greatest common factor of g and b.
5
Let r be ((-12)/24)/(2/(-24)). Suppose -81*o = -79*o - 8. Suppose o - r = -a. What is the highest common divisor of 4 and a?
2
Let y(c) = 11*c - 242. Let g be y(23). Let w be ((-108)/45*g)/((-3)/45). What is the highest common divisor of 36 and w?
36
Suppose 220640 = 16*j + 10573 - 64013. What is the greatest common factor of 10 and j?
10
Suppose -128*b + 2472525 = 102*b - 45*b. Calculate the greatest common factor of b and 165.
165
Let b = -6952 + 7186. Calculate the highest common divisor of b and 72.
18
Let l = -139 + 68. Let i be l - (8/(-4) - -7). Let z = i + 174. What is the greatest common divisor of 7 and z?
7
Suppose -91*u = -30*u - 2501. What is the highest common factor of 13776 and u?
41
Suppose 33 = 2*j + 3*j - 2*o, -5*j = 3*o - 38. Let s(f) = f + 13. Suppose 0 = -5*y + 6*y + 6. Let a be s(y). What is the highest common divisor of j and a?
7
Suppose -160*l + 99 = -151*l. Calculate the highest common factor of l and 605.
11
Let g = -3244 + 5680. Calculate the highest common divisor of g and 168.
84
Let p(l) = -115*l - 959. Let i be p(-9). Calculate the greatest common divisor of 28 and i.
4
Suppose -v = -36 + 35, 0 = -3*l + 5*v + 547. Let d = 334 - l. Calculate the highest common factor of 30 and d.
30
Let j(m) = m**3 - 12*m**2 + 10*m + 124. Let a be j(10). What is the greatest common divisor of 1408 and a?
8
Let i(v) = 25*v + 13. Let g be i(4). Let u = 119 - g. Suppose 7*n = u*n + 15. What is the greatest common factor of 15 and n?
15
Suppose -40*j - 682 = -42*j. Suppose -j*y + 346*y = 1400. Calculate the greatest common divisor of 40 and y.
40
Let s(x) = x + 2. Let h be s(7). Let c be ((-192)/(-28))/(((-48)/63)/(-8)). Suppose p - 3*p = -c. Calculate the greatest common divisor of p and h.
9
Suppose -h - 2*y - 186 = -4*h, 332 = 5*h + 4*y. Suppose 0 = 8*g - 9*g + h. Let r = g - 59. Calculate the greatest common factor of 2 and r.
1
Let i = -111 + 110. Let z be (2 - 4/i)*8. Calculate the highest common divisor of z and 8.
8
Let a be 99/6*(-10)/(-3). Suppose 6*l + 245 = l + 12*l. What is the greatest common divisor of l and a?
5
Let t = 2470 + -2351. Calculate the highest common factor of t and 340.
17
Let j(w) = 12*w**3 - 20*w**2 + 12*w - 186. Let g be j(9). What is the highest common divisor of g and 150?
150
Let z be 7/((-35)/(-20))*2. Let x = z - 78. Let s = 73 + x. Calculate the greatest common divisor of s and 18.
3
Suppose 3*j = -5*u - 7269, -2*j - 1069 = u + 389. Let o be u/(-14) + (-2)/(-7) + 0. What is the highest common divisor of o and 13?
13
Let n = -13658 - -13714. Wh